
0
What is the ten thousands digit of 3784681?
8
What is the tens digit of 388987724?
2
What is the hundreds digit of 1238403375?
3
What is the units digit of 64753686?
6
What is the ten millions digit of 85789901?
8
What is the ten thousands digit of 964651081?
5
What is the ten millions digit of 892828803?
9
What is the hundred millions digit of 1977492999?
9
What is the ten millions digit of 317618719?
1
What is the thousands digit of 4229535963?
5
What is the millions digit of 1480381496?
0
What is the hundreds digit of 6075276?
2
What is the ten thousands digit of 63103350?
0
What is the tens digit of 27780449?
4
What is the units digit of 95841531?
1
What is the hundred thousands digit of 200651156?
6
What is the millions digit of 19524759?
9
What is the units digit of 30058297?
7
What is the ten thousands digit of 18207208?
0
What is the hundred millions digit of 141970745?
1
What is the hundred millions digit of 2752288855?
7
What is the hundreds digit of 544090355?
3
What is the ten millions digit of 56803831?
5
What is the millions digit of 1515087646?
5
What is the hundreds digit of 27520997?
9
What is the units digit of 1842539248?
8
What is the hundred millions digit of 2570344848?
5
What is the tens digit of 17329343?
4
What is the millions digit of 96874317?
6
What is the ten thousands digit of 1375572623?
7
What is the thousands digit of 123225292?
5
What is the thousands digit of 70067661?
7
What is the hundred thousands digit of 1307856551?
8
What is the billions digit of 1992852890?
1
What is the tens digit of 146833011?
1
What is the ten millions digit of 41712288?
4
What is the millions digit of 10109264?
0
What is the hundred thousands digit of 1457251385?
2
What is the millions digit of 293647563?
3
What is the tens digit of 112725507?
0
What is the hundreds digit of 1078810243?
2
What is the ten millions digit of 69939733?
6
What is the ten millions digit of 71953723?
7
What is the thousands digit of 177474674?
4
What is the hundred thousands digit of 3254234?
2
What is the tens digit of 110682030?
3
What is the hundred millions digit of 884802773?
8
What is the hundred thousands digit of 574716687?
7
What is the ten thousands digit of 804032?
0
What is the thousands digit of 156030434?
0
What is the hundred millions digit of 853043336?
8
What is the ten millions digit of 52838445?
5
What is the units digit of 223155806?
6
What is the hundred millions digit of 9389800269?
3
What is the thousands digit of 10870488?
0
What is the units digit of 51947812?
2
What is the millions digit of 60692491?
0
What is the millions digit of 102181533?
2
What is the tens digit of 90372170?
7
What is the ten millions digit of 5229293997?
2
What is the hundreds digit of 571509591?
5
What is the tens digit of 16893764?
6
What is the ten thousands digit of 1406825734?
2
What is the hundred thousands digit of 5105923315?
9
What is the hundred thousands digit of 3088371240?
3
What is the hundred thousands digit of 1541922453?
9
What is the thousands digit of 204810086?
0
What is the thousands digit of 203235045?
5
What is the millions digit of 780532687?
0
What is the tens digit of 8704300463?
6
What is the units digit of 19916741?
1
What is the tens digit of 4673727048?
4
What is the thousands digit of 263887558?
7
What is the hundred millions digit of 844617041?
8
What is the ten thousands digit of 102252897?
5
What is the thousands digit of 4506952510?
2
What is the ten millions digit of 2691181362?
9
What is the ten millions digit of 703257353?
0
What is the ten thousands digit of 618133242?
3
What is the hundred thousands digit of 698979990?
9
What is the billions digit of 1068850712?
1
What is the thousands digit of 246866830?
6
What is the tens digit of 30686463?
6
What is the ten thousands digit of 1302632613?
3
What is the ten millions digit of 353023989?
5
What is the hundred thousands digit of 56970913?
9
What is the units digit of 3176184676?
6
What is the ten millions digit of 4622034109?
2
What is the ten millions digit of 70823435?
7
What is the millions digit of 2692983767?
2
What is the hundred millions digit of 153092475?
1
What is the hundreds digit of 2137792151?
1
What is the millions digit of 53830751?
3
What is the ten thousands digit of 540390579?
9
What is the tens digit of 76051514?
1
What is the ten millions digit of 607388933?
0
What is the hundred thousands digit of 648553312?
5
What is the millions digit of 16464407?
6
What is the ten millions digit of 2205466496?
0
What is the billions digit of 5109301923?
5
What is the millions digit of 33656847?
3
What is the hundreds digit of 41232355?
3
What is the millions digit of 2333762627?
3
What is the hundred thousands digit of 113268133?
2
What is the ten millions digit of 156856638?
5
What is the hundred thousands digit of 58890736?
8
What is the hundred thousands digit of 602332303?
3
What is the tens digit of 315284523?
2
What is the hundred thousands digit of 3028355?
0
What is the ten thousands digit of 5209351?
0
What is the millions digit of 731183218?
1
What is the tens digit of 1571614320?
2
What is the millions digit of 5628855634?
8
What is the ten millions digit of 35849521?
3
What is the thousands digit of 171242102?
2
What is the tens digit of 48639477?
7
What is the thousands digit of 446241560?
1
What is the hundred thousands digit of 1099837678?
8
What is the ten millions digit of 2019935102?
1
What is the tens digit of 1514850510?
1
What is the ten thousands digit of 138137915?
3
What is the tens digit of 30148547?
4
What is the hundreds digit of 363084385?
3
What is the thousands digit of 1333477674?
7
What is the tens digit of 2657834232?
3
What is the hundred thousands digit of 82832204?
8
What is the units digit of 103801330?
0
What is the hundreds digit of 138396265?
2
What is the units digit of 71846593?
3
What is the thousands digit of 116199587?
9
What is the ten thousands digit of 4143411848?
1
What is the ten millions digit of 27949955?
2
What is the thousands digit of 2042051594?
1
What is the units digit of 700918?
8
What is the hundred thousands digit of 7594800?
5
What is the tens digit of 3639326982?
8
What is the hundred thousands digit of 836101503?
1
What is the units digit of 16463714?
4
What is the hundreds digit of 211353723?
7
What is the ten thousands digit of 94627651?
2
What is the ten millions digit of 991632770?
9
What is the units digit of 2524545478?
8
What is the ten thousands digit of 103493027?
9
What is the thousands digit of 40411325?
1
What is the ten millions digit of 265113780?
6
What is the ten thousands digit of 363873109?
7
What is the hundreds digit of 623205276?
2
What is the hundred thousands digit of 1261443911?
4
What is the millions digit of 1290055915?
0
What is the millions digit of 1999829235?
9
What is the hundred thousands digit of 3841759066?
7
What is the ten thousands digit of 149780209?
8
What is the hundred millions digit of 7956023504?
9
What is the units digit of 2274458876?
6
What is the billions digit of 1258999137?
1
What is the tens digit of 48657449?
4
What is the tens digit of 1440172595?
9
What is the ten thousands digit of 303238905?
3
What is the hundred thousands digit of 791756214?
7
What is the ten thousands digit of 139529839?
2
What is the hundred thousands digit of 624133511?
1
What is the ten thousands digit of 77392418?
9
What is the ten thousands digit of 39203085?
0
What is the hundreds digit of 287796633?
6
What is the billions digit of 4168616083?
4
What is the hundred thousands digit of 1951310619?
3
What is the hundreds digit of 28426430?
4
What is the hundred thousands digit of 74534838?
5
What is the millions digit of 784539232?
4
What is the hundreds digit of 86929562?
5
What is the hundred millions digit of 313805667?
3
What is the ten millions digit of 221884909?
2
What is the tens digit of 35365062?
6
What is the millions digit of 147253740?
7
What is the hundred thousands digit of 268131798?
1
What is the ten thousands digit of 170309845?
0
What is the hundreds digit of 92782301?
3
What is the billions digit of 1236008536?
1
What is the tens digit of 183899577?
7
What is the thousands digit of 356823754?
3
What is the ten millions digit of 200251114?
0
What 